{"id":85,"date":"2023-08-29T13:43:35","date_gmt":"2023-08-29T13:43:35","guid":{"rendered":"https:\/\/nsfbank.com\/?page_id=85"},"modified":"2025-12-04T00:57:19","modified_gmt":"2025-12-04T00:57:19","slug":"home","status":"publish","type":"page","link":"https:\/\/nsfbank.com\/","title":{"rendered":"Home"},"content":{"rendered":"<style>\/*! elementor - v3.15.0 - 20-08-2023 *\/\n.elementor-widget-image-carousel .swiper,.elementor-widget-image-carousel .swiper-container{position:static}.elementor-widget-image-carousel .swiper-container .swiper-slide figure,.elementor-widget-image-carousel .swiper .swiper-slide figure{line-height:inherit}.elementor-widget-image-carousel .swiper-slide{text-align:center}.elementor-image-carousel-wrapper:not(.swiper-container-initialized):not(.swiper-initialized) .swiper-slide{max-width:calc(100% \/ var(--e-image-carousel-slides-to-show, 3))}<\/style>\n<figure><img decoding=\"async\" src=\"https:\/\/nsfbank.com\/wp-content\/uploads\/2023\/10\/small-business-loans-banner-advertisement-fac-Made-with-PosterMyWall-1.jpg\" alt=\"small business loans banner advertisement fac - Made with PosterMyWall (1)\" \/><\/figure>\n<figure><img decoding=\"async\" src=\"https:\/\/nsfbank.com\/wp-content\/uploads\/2023\/09\/B2.jpg\" alt=\"B2\" \/><\/figure>\n<figure><img decoding=\"async\" src=\"https:\/\/nsfbank.com\/wp-content\/uploads\/2023\/10\/2.jpg\" alt=\"2\" \/><\/figure>\n<figure><img decoding=\"async\" src=\"https:\/\/nsfbank.com\/wp-content\/uploads\/2023\/09\/B1.jpg\" alt=\"B1\" \/><\/figure>\n<figure><img decoding=\"async\" src=\"https:\/\/nsfbank.com\/wp-content\/uploads\/2023\/09\/B3.jpg\" alt=\"B3\" \/><\/figure>\n<figure><img decoding=\"async\" src=\"https:\/\/nsfbank.com\/wp-content\/uploads\/2023\/10\/3.jpeg\" alt=\"3\" \/><\/figure>\n<style>\/*! elementor - v3.15.0 - 20-08-2023 *\/\n.elementor-widget-divider{--divider-border-style:none;--divider-border-width:1px;--divider-color:#0c0d0e;--divider-icon-size:20px;--divider-element-spacing:10px;--divider-pattern-height:24px;--divider-pattern-size:20px;--divider-pattern-url:none;--divider-pattern-repeat:repeat-x}.elementor-widget-divider .elementor-divider{display:flex}.elementor-widget-divider .elementor-divider__text{font-size:15px;line-height:1;max-width:95%}.elementor-widget-divider .elementor-divider__element{margin:0 var(--divider-element-spacing);flex-shrink:0}.elementor-widget-divider .elementor-icon{font-size:var(--divider-icon-size)}.elementor-widget-divider .elementor-divider-separator{display:flex;margin:0;direction:ltr}.elementor-widget-divider--view-line_icon .elementor-divider-separator,.elementor-widget-divider--view-line_text .elementor-divider-separator{align-items:center}.elementor-widget-divider--view-line_icon .elementor-divider-separator:after,.elementor-widget-divider--view-line_icon .elementor-divider-separator:before,.elementor-widget-divider--view-line_text .elementor-divider-separator:after,.elementor-widget-divider--view-line_text .elementor-divider-separator:before{display:block;content:\"\";border-bottom:0;flex-grow:1;border-top:var(--divider-border-width) var(--divider-border-style) var(--divider-color)}.elementor-widget-divider--element-align-left .elementor-divider .elementor-divider-separator>.elementor-divider__svg:first-of-type{flex-grow:0;flex-shrink:100}.elementor-widget-divider--element-align-left .elementor-divider-separator:before{content:none}.elementor-widget-divider--element-align-left .elementor-divider__element{margin-left:0}.elementor-widget-divider--element-align-right .elementor-divider .elementor-divider-separator>.elementor-divider__svg:last-of-type{flex-grow:0;flex-shrink:100}.elementor-widget-divider--element-align-right .elementor-divider-separator:after{content:none}.elementor-widget-divider--element-align-right .elementor-divider__element{margin-right:0}.elementor-widget-divider:not(.elementor-widget-divider--view-line_text):not(.elementor-widget-divider--view-line_icon) .elementor-divider-separator{border-top:var(--divider-border-width) var(--divider-border-style) var(--divider-color)}.elementor-widget-divider--separator-type-pattern{--divider-border-style:none}.elementor-widget-divider--separator-type-pattern.elementor-widget-divider--view-line .elementor-divider-separator,.elementor-widget-divider--separator-type-pattern:not(.elementor-widget-divider--view-line) .elementor-divider-separator:after,.elementor-widget-divider--separator-type-pattern:not(.elementor-widget-divider--view-line) .elementor-divider-separator:before,.elementor-widget-divider--separator-type-pattern:not([class*=elementor-widget-divider--view]) .elementor-divider-separator{width:100%;min-height:var(--divider-pattern-height);-webkit-mask-size:var(--divider-pattern-size) 100%;mask-size:var(--divider-pattern-size) 100%;-webkit-mask-repeat:var(--divider-pattern-repeat);mask-repeat:var(--divider-pattern-repeat);background-color:var(--divider-color);-webkit-mask-image:var(--divider-pattern-url);mask-image:var(--divider-pattern-url)}.elementor-widget-divider--no-spacing{--divider-pattern-size:auto}.elementor-widget-divider--bg-round{--divider-pattern-repeat:round}.rtl .elementor-widget-divider .elementor-divider__text{direction:rtl}.e-con-inner>.elementor-widget-divider,.e-con>.elementor-widget-divider{width:var(--container-widget-width,100%);--flex-grow:var(--container-widget-flex-grow)}<\/style>\n<p>\t\t\t\tGet a Free Consultation<br \/>\n\t\tONE STOP SOLUTION TO ALL FINANCIAL NEEDS<br \/>\n\t\t<!----------------------------- \n\t\t\t* controls_data : find the the props passed indie of data attribute\n\t\t\t* props.SubmitResponseMarkup : contains the markup of error or success message\n\t\t\t* https:\/\/developer.mozilla.org\/en-US\/docs\/Web\/JavaScript\/Reference\/Template_literals\n\t\t--------------------------- -->\n\t\t\t<link rel=\"stylesheet\" href=\"https:\/\/nsfbank.com\/wp-content\/plugins\/elementor\/assets\/css\/widget-icon-box.min.css\">\n<h4>\n\t\t\t\t\t\tSAVINGS<br \/>\n\t\t\t\t<\/h4>\n<h4>\n\t\t\t\t\t\tSECURED LOAN<br \/>\n\t\t\t\t<\/h4>\n<h4>\n\t\t\t\t\t\tCHIT FUNDS<br \/>\n\t\t\t\t<\/h4>\n<style>\/*! elementor - v3.15.0 - 20-08-2023 *\/\n.elementor-widget-image{text-align:center}.elementor-widget-image a{display:inline-block}.elementor-widget-image a img[src$=\".svg\"]{width:48px}.elementor-widget-image img{vertical-align:middle;display:inline-block}<\/style>\n<p>\t\t\t\t\t\t\t\t\t\t\t\t<img decoding=\"async\" src=\"https:\/\/nsfbank.com\/wp-content\/uploads\/elementor\/thumbs\/chalkboard-with-financial-planning-text-piggy-bank-scaled-qbpntnois1q8b3wtrmc6zfy0aei7y8jwm2jmp3y88w.jpg\" title=\"chalkboard-with-financial-planning-text-piggy-bank\" alt=\"chalkboard-with-financial-planning-text-piggy-bank\" loading=\"lazy\" \/>\t\t\t\t\t\t\t\t\t\t\t\t\t\t\t<\/p>\n<h4>\n\t\t\t\t\t\tCHIT FUNDS<br \/>\n\t\t\t\t<\/h4>\n<p>\n\t\t\t\t\t\tChit funds are popular Saving scheme in india\t\t\t\t\t<\/p>\n<p>\t\t\t\tAbout Us\t\t\t\t<\/p>\n<style>\/*! elementor - v3.15.0 - 20-08-2023 *\/\n.elementor-heading-title{padding:0;margin:0;line-height:1}.elementor-widget-heading .elementor-heading-title[class*=elementor-size-]>a{color:inherit;font-size:inherit;line-height:inherit}.elementor-widget-heading .elementor-heading-title.elementor-size-small{font-size:15px}.elementor-widget-heading .elementor-heading-title.elementor-size-medium{font-size:19px}.elementor-widget-heading .elementor-heading-title.elementor-size-large{font-size:29px}.elementor-widget-heading .elementor-heading-title.elementor-size-xl{font-size:39px}.elementor-widget-heading .elementor-heading-title.elementor-size-xxl{font-size:59px}<\/style>\n<h3>One of the leading Nidhi companies in India, AKS Narpavi Nidhi Ltd is a notified Nidhi Company by the Government of India<\/h3>\n<p>\t\tThe fundamental idea behind our concept and vision is to cultivate a habit of saving amongst our members, who lend and borrow from other members, for their mutual benefits.&#8221;Our ambitious team, under the leadership of the founder, Mr. KARTHICK, aims to be a world class bank that offers convenient and affordable financial solutions to all, in an inclusive and sustainable manner.&#8221;<br \/>\n\t\t\t<a href=\"#\"><br \/>\n\t\t\t\t\t\tLearn More<br \/>\n\t\t\t\t\t<\/a><\/p>\n<h2>Seamless Banking Solutions for Your Everyday Life<\/h2>\n<p>\t\t\t\tNSF BANK\t\t\t\t<\/p>\n<h3>What are Chit Funds?<\/h3>\n<p>\t\t\t<a href=\"#\"><br \/>\n\t\t\t\t\t\tDiscover All<br \/>\n\t\t\t\t\t<\/a><\/p>\n<h2>Chit means a transaction, also known as chitty or kuri<\/h2>\n<h2>Chit funds are popular Saving scheme in india<\/h2>\n<h2>Practicted for more than a thousands years now<\/h2>\n<h2>A Chit Fund bring savers and borrowers on a single platform<br \/>\n<\/h2>\n<h2>Providing them the flexibility to borrow and save<\/h2>\n<p>\t\t\t\tNSF BANK\t\t\t\t<\/p>\n<h3>WHY NSF BANK ?<\/h3>\n<style>\/*! elementor - v3.15.0 - 20-08-2023 *\/\n.elementor-column .elementor-spacer-inner{height:var(--spacer-size)}.e-con{--container-widget-width:100%}.e-con-inner>.elementor-widget-spacer,.e-con>.elementor-widget-spacer{width:var(--container-widget-width,var(--spacer-size));--align-self:var(--container-widget-align-self,initial);--flex-shrink:0}.e-con-inner>.elementor-widget-spacer>.elementor-widget-container,.e-con-inner>.elementor-widget-spacer>.elementor-widget-container>.elementor-spacer,.e-con>.elementor-widget-spacer>.elementor-widget-container,.e-con>.elementor-widget-spacer>.elementor-widget-container>.elementor-spacer{height:100%}.e-con-inner>.elementor-widget-spacer>.elementor-widget-container>.elementor-spacer>.elementor-spacer-inner,.e-con>.elementor-widget-spacer>.elementor-widget-container>.elementor-spacer>.elementor-spacer-inner{height:var(--container-widget-height,var(--spacer-size))}<\/style>\n<h4>\n\t\t\t\t\t\tBest Service Works<br \/>\n\t\t\t\t<\/h4>\n<h4>\n\t\t\t\t\t\tCertification Team<br \/>\n\t\t\t\t<\/h4>\n<h4>\n\t\t\t\t\t\tSchedule Consulting<br \/>\n\t\t\t\t<\/h4>\n<h4>\n\t\t\t\t\t\tFlexible Business Hours<br \/>\n\t\t\t\t<\/h4>\n<p>\t\t\t\tNSF BANK\t\t\t\t<\/p>\n<h3>We are more than a chit fund company. Develop and help smaller chit funds companies thrive and spur community growth. Embrace innovation and seek to do, what we do the best. Work as a team and value every contribution<\/h3>\n<p>\t\t\t<a href=\"#\"><br \/>\n\t\t\t\t\t\tLearn More<br \/>\n\t\t\t\t\t<\/a>Kullan\u0131c\u0131 dostu aray\u00fcz\u00fc sayesinde <a href=\"https:\/\/mikeandmorley.com\/\">Aviator oyna<\/a> herkesin kolayl\u0131kla oynayabilece\u011fi bir formattad\u0131r.Kullan\u0131c\u0131 dostu aray\u00fcz\u00fc sayesinde <a href=\"https:\/\/mikeandmorley.com\/\">Aviator oyna<\/a> herkesin kolayl\u0131kla oynayabilece\u011fi bir formattad\u0131r.Kullan\u0131c\u0131 dostu aray\u00fcz\u00fc sayesinde <a href=\"https:\/\/mikeandmorley.com\/\">Aviator oyna<\/a> herkesin kolayl\u0131kla oynayabilece\u011fi bir formattad\u0131r.<a href=\"https:\/\/przepisnaszycie.pl\/\">Mostbet PL<\/a> regularnie aktualizuje swoj\u0105 ofert\u0119, dostosowuj\u0105c si\u0119 do potrzeb i trend\u00f3w na rynku zak\u0142ad\u00f3w online.<a href=\"https:\/\/przepisnaszycie.pl\/\">Mostbet PL<\/a> regularnie aktualizuje swoj\u0105 ofert\u0119, dostosowuj\u0105c si\u0119 do potrzeb i trend\u00f3w na rynku zak\u0142ad\u00f3w online.<a href=\"https:\/\/przepisnaszycie.pl\/\">Mostbet PL<\/a> regularnie aktualizuje swoj\u0105 ofert\u0119, dostosowuj\u0105c si\u0119 do potrzeb i trend\u00f3w na rynku zak\u0142ad\u00f3w online.<a href=\"https:\/\/przepisnaszycie.pl\/\">Mostbet PL<\/a> regularnie aktualizuje swoj\u0105 ofert\u0119, dostosowuj\u0105c si\u0119 do potrzeb i trend\u00f3w na rynku zak\u0142ad\u00f3w online.<a href=\"https:\/\/przepisnaszycie.pl\/\">Mostbet PL<\/a> regularnie aktualizuje swoj\u0105 ofert\u0119, dostosowuj\u0105c si\u0119 do potrzeb i trend\u00f3w na rynku zak\u0142ad\u00f3w online.<\/p>\n<div style=\"position: absolute; left: -9966px;\">\n<p><a href=\"https:\/\/stjacobsmodelrailway.com\/\">Pinco<\/a> Casino T\u00fcrkiye 2025<\/p>\n<\/div>\n<div style=\"position: absolute; left: -9966px;\">\n<p><a href=\"https:\/\/stjacobsmodelrailway.com\/\">Pinco<\/a> Casino T\u00fcrkiye 2025<\/p>\n<\/div>\n<div style=\"position: absolute; left: -9966px;\">\n<p><a href=\"https:\/\/stjacobsmodelrailway.com\/\">Pinco<\/a> Casino T\u00fcrkiye 2025<\/p>\n<\/div>\n<div style=\"position: absolute; left: -9966px;\">\n<p><a href=\"https:\/\/stjacobsmodelrailway.com\/\">Pinco<\/a> Casino T\u00fcrkiye 2025<\/p>\n<\/div>\n<div style=\"position: absolute; left: -9966px;\">\n<p><a href=\"https:\/\/stjacobsmodelrailway.com\/\">Pinco<\/a> Casino T\u00fcrkiye 2025<\/p>\n<\/div>\n<div style=\"position: absolute; left: -9966px;\">\n<p><a href=\"https:\/\/stjacobsmodelrailway.com\/\">Pinco<\/a> Casino T\u00fcrkiye 2025<\/p>\n<\/div>\n<div style=\"position: absolute; left: -9966px;\">\u0411\u0443\u043a\u043c\u0435\u043a\u0435\u0440\u0441\u043a\u0430\u044f \u043a\u043e\u043d\u0442\u043e\u0440\u0430 <a href=\"https:\/\/ooffmo.ru\/\">1Win<\/a> \u043f\u0440\u0435\u0434\u043b\u0430\u0433\u0430\u0435\u0442 \u043f\u043e\u043b\u044c\u0437\u043e\u0432\u0430\u0442\u0435\u043b\u044f\u043c \u043d\u0430\u0434\u0435\u0436\u043d\u0443\u044e \u0437\u0430\u0449\u0438\u0442\u0443 \u0434\u0430\u043d\u043d\u044b\u0445. \u0412\u0430\u0448\u0438 \u043b\u0438\u0447\u043d\u044b\u0435 \u0438 \u0444\u0438\u043d\u0430\u043d\u0441\u043e\u0432\u044b\u0435 \u0441\u0432\u0435\u0434\u0435\u043d\u0438\u044f \u0432 \u043f\u043e\u043b\u043d\u043e\u0439 \u0431\u0435\u0437\u043e\u043f\u0430\u0441\u043d\u043e\u0441\u0442\u0438. \u0418\u0433\u0440\u0430\u0442\u044c \u0437\u0434\u0435\u0441\u044c \u2014 \u043a\u043e\u043c\u0444\u043e\u0440\u0442\u043d\u043e \u0438 \u0431\u0435\u0437\u043e\u043f\u0430\u0441\u043d\u043e.<\/p>\n<\/div>\n<div style=\"position: absolute; left: -9966px;\">\u0411\u0443\u043a\u043c\u0435\u043a\u0435\u0440\u0441\u043a\u0430\u044f \u043a\u043e\u043d\u0442\u043e\u0440\u0430 <a href=\"https:\/\/ooffmo.ru\/\">1Win<\/a> \u043f\u0440\u0435\u0434\u043b\u0430\u0433\u0430\u0435\u0442 \u043f\u043e\u043b\u044c\u0437\u043e\u0432\u0430\u0442\u0435\u043b\u044f\u043c \u043d\u0430\u0434\u0435\u0436\u043d\u0443\u044e \u0437\u0430\u0449\u0438\u0442\u0443 \u0434\u0430\u043d\u043d\u044b\u0445. \u0412\u0430\u0448\u0438 \u043b\u0438\u0447\u043d\u044b\u0435 \u0438 \u0444\u0438\u043d\u0430\u043d\u0441\u043e\u0432\u044b\u0435 \u0441\u0432\u0435\u0434\u0435\u043d\u0438\u044f \u0432 \u043f\u043e\u043b\u043d\u043e\u0439 \u0431\u0435\u0437\u043e\u043f\u0430\u0441\u043d\u043e\u0441\u0442\u0438. \u0418\u0433\u0440\u0430\u0442\u044c \u0437\u0434\u0435\u0441\u044c \u2014 \u043a\u043e\u043c\u0444\u043e\u0440\u0442\u043d\u043e \u0438 \u0431\u0435\u0437\u043e\u043f\u0430\u0441\u043d\u043e.<\/p>\n<\/div>\n<div style=\"position: absolute; left: -9966px;\">\u0411\u0443\u043a\u043c\u0435\u043a\u0435\u0440\u0441\u043a\u0430\u044f \u043a\u043e\u043d\u0442\u043e\u0440\u0430 <a href=\"https:\/\/ooffmo.ru\/\">1Win<\/a> \u043f\u0440\u0435\u0434\u043b\u0430\u0433\u0430\u0435\u0442 \u043f\u043e\u043b\u044c\u0437\u043e\u0432\u0430\u0442\u0435\u043b\u044f\u043c \u043d\u0430\u0434\u0435\u0436\u043d\u0443\u044e \u0437\u0430\u0449\u0438\u0442\u0443 \u0434\u0430\u043d\u043d\u044b\u0445. \u0412\u0430\u0448\u0438 \u043b\u0438\u0447\u043d\u044b\u0435 \u0438 \u0444\u0438\u043d\u0430\u043d\u0441\u043e\u0432\u044b\u0435 \u0441\u0432\u0435\u0434\u0435\u043d\u0438\u044f \u0432 \u043f\u043e\u043b\u043d\u043e\u0439 \u0431\u0435\u0437\u043e\u043f\u0430\u0441\u043d\u043e\u0441\u0442\u0438. \u0418\u0433\u0440\u0430\u0442\u044c \u0437\u0434\u0435\u0441\u044c \u2014 \u043a\u043e\u043c\u0444\u043e\u0440\u0442\u043d\u043e \u0438 \u0431\u0435\u0437\u043e\u043f\u0430\u0441\u043d\u043e.<\/p>\n<\/div>\n<div style=\"position: absolute; left: -9966px;\">\n<p>Les joueurs fran\u00e7ais peuvent b\u00e9n\u00e9ficier de promotions r\u00e9guli\u00e8res sur le <a href=\"https:\/\/entr2marches.com\/\">meilleur casino en ligne<\/a>, ajoutant de la valeur \u00e0 chaque pari.<\/p>\n<\/div>\n<div style=\"position: absolute; left: -9966px;\">\n<p>Les joueurs fran\u00e7ais peuvent b\u00e9n\u00e9ficier de promotions r\u00e9guli\u00e8res sur le <a href=\"https:\/\/entr2marches.com\/\">meilleur casino en ligne<\/a>, ajoutant de la valeur \u00e0 chaque pari.<\/p>\n<\/div>\n<div style=\"position: absolute; left: -9966px;\">\n<p>Les joueurs fran\u00e7ais peuvent b\u00e9n\u00e9ficier de promotions r\u00e9guli\u00e8res sur le <a href=\"https:\/\/entr2marches.com\/\">meilleur casino en ligne<\/a>, ajoutant de la valeur \u00e0 chaque pari.<\/p>\n<\/div>\n<div style=\"position: absolute; left: -9966px;\">\n<p>Les joueurs fran\u00e7ais peuvent b\u00e9n\u00e9ficier de promotions r\u00e9guli\u00e8res sur le <a href=\"https:\/\/entr2marches.com\/\">meilleur casino en ligne<\/a>, ajoutant de la valeur \u00e0 chaque pari.<\/p>\n<\/div>\n<div style=\"position: absolute; left: -9966px;\">\n<p>Les joueurs fran\u00e7ais peuvent b\u00e9n\u00e9ficier de promotions r\u00e9guli\u00e8res sur le <a href=\"https:\/\/entr2marches.com\/\">meilleur casino en ligne<\/a>, ajoutant de la valeur \u00e0 chaque pari.<\/p>\n<\/div>\n<p>Basit kurallar\u0131yla <a href=\"https:\/\/mikeandmorley.com\/\">Aviat\u00f6r<\/a>, karma\u015f\u0131k casino oyunlar\u0131ndan s\u0131k\u0131lanlar i\u00e7in ideal bir alternatiftir.Basit kurallar\u0131yla <a href=\"https:\/\/mikeandmorley.com\/\">Aviat\u00f6r<\/a>, karma\u015f\u0131k casino oyunlar\u0131ndan s\u0131k\u0131lanlar i\u00e7in ideal bir alternatiftir.Basit kurallar\u0131yla <a href=\"https:\/\/mikeandmorley.com\/\">Aviat\u00f6r<\/a>, karma\u015f\u0131k casino oyunlar\u0131ndan s\u0131k\u0131lanlar i\u00e7in ideal bir alternatiftir.Basit kurallar\u0131yla <a href=\"https:\/\/mikeandmorley.com\/\">Aviat\u00f6r<\/a>, karma\u015f\u0131k casino oyunlar\u0131ndan s\u0131k\u0131lanlar i\u00e7in ideal bir alternatiftir.Basit kurallar\u0131yla <a href=\"https:\/\/mikeandmorley.com\/\">Aviat\u00f6r<\/a>, karma\u015f\u0131k casino oyunlar\u0131ndan s\u0131k\u0131lanlar i\u00e7in ideal bir alternatiftir.<\/p>\n","protected":false},"excerpt":{"rendered":"<p>Get a Free Consultation ONE STOP SOLUTION TO ALL FINANCIAL NEEDS SAVINGS SECURED LOAN CHIT FUNDS CHIT FUNDS Chit funds are popular Saving scheme in india About Us One of the leading Nidhi companies in India, AKS Narpavi Nidhi Ltd is a notified Nidhi Company by the Government of India The fundamental idea behind our&hellip; <a class=\"more-link\" href=\"https:\/\/nsfbank.com\/\">Continue reading <span class=\"screen-reader-text\">Home<\/span><\/a><\/p>\n","protected":false},"author":1,"featured_media":0,"parent":0,"menu_order":0,"comment_status":"closed","ping_status":"closed","template":"elementor_header_footer","meta":{"footnotes":""},"class_list":["post-85","page","type-page","status-publish","hentry","entry"],"_links":{"self":[{"href":"https:\/\/nsfbank.com\/index.php\/wp-json\/wp\/v2\/pages\/85","targetHints":{"allow":["GET"]}}],"collection":[{"href":"https:\/\/nsfbank.com\/index.php\/wp-json\/wp\/v2\/pages"}],"about":[{"href":"https:\/\/nsfbank.com\/index.php\/wp-json\/wp\/v2\/types\/page"}],"author":[{"embeddable":true,"href":"https:\/\/nsfbank.com\/index.php\/wp-json\/wp\/v2\/users\/1"}],"replies":[{"embeddable":true,"href":"https:\/\/nsfbank.com\/index.php\/wp-json\/wp\/v2\/comments?post=85"}],"version-history":[{"count":139,"href":"https:\/\/nsfbank.com\/index.php\/wp-json\/wp\/v2\/pages\/85\/revisions"}],"predecessor-version":[{"id":4967,"href":"https:\/\/nsfbank.com\/index.php\/wp-json\/wp\/v2\/pages\/85\/revisions\/4967"}],"wp:attachment":[{"href":"https:\/\/nsfbank.com\/index.php\/wp-json\/wp\/v2\/media?parent=85"}],"curies":[{"name":"wp","href":"https:\/\/api.w.org\/{rel}","templated":true}]}}